-4
Suppose 10*n = 40 + 20. Let g(t) = t**3 - 6*t**2 + t - 8. Calculate g(n).
-2
Let m(y) = 2*y**3 - y - 1. Let u(v) = -v**2 - 11*v - 11. Let l be u(-10). Calculate m(l).
-2
Let v(h) = 9*h + 3. Let b(g) = -6*g - 2. Let j(m) = -7*b(m) - 5*v(m). Give j(3).
-10
Let i(h) = -h**3 + h**2 + h + 1. Let v(k) = -2*k**3 - 3*k**2 + 5*k - 5. Let a(u) = -i(u) + v(u). Let b = 11 + -16. What is a(b)?
-1
Let c(h) = -175*h**3 + 10*h**2 - h - 14 + 176*h**3 + 0*h. Calculate c(-10).
-4
Let o(w) = 7*w. Let d = -13 + 11. Give o(d).
-14
Suppose -z - 2*z - 12 = 0. Let a be z/(3/((-30)/4)). Let p = -8 + a. Let i(n) = 3*n**3 - 2*n**2 - 2*n. Calculate i(p).
12
Let a(l) = 2*l - 4*l**3 + 0*l - 1 + 0*l. Suppose -3*j + b = 3*b - 4, 0 = -j - 4*b - 12. Suppose -3*p = -j*v - 11, -3*v + 7 = -v + p. Give a(v).
-3
Let p be -3 - -12 - 8/2. Let k = p + -10. Let u(t) = t + 10. What is u(k)?
5
Let x(h) = -h**2 + h - 1. Suppose -p + 2*u + 16 = 3*p, -u + 20 = 5*p. Suppose 0 = -4*l + p*n + 16, 0 = -2*l + 4*n - 0*n + 10. Determine x(l).
-7
Suppose -2*l + 0 + 6 = 0. Suppose -a + 0 = l*i - 5, -5*i = -4*a + 3. Let x = a + -8. Let h(f) = -f**2 - 8*f - 8. Determine h(x).
4
Let z(k) = -k**3 - 5*k**2 + 6*k. Suppose p - 2 = 3. Suppose 5*r + 20 = p*s, -3*r + s + 2 - 18 = 0. Determine z(r).
0
Let l be 29/5 + (-4)/(-20). Let m(k) = -3*k**3 + 6*k**2 - k - 4. Let b(d) = -13*d**3 + 24*d**2 - 5*d - 16. Let g(n) = 2*b(n) - 9*m(n). What is g(l)?
-2
Let f(u) = -4*u**2 - 3*u + 5. Let d(m) = -7*m**2 - 7*m + 11. Let j(p) = -3*d(p) + 5*f(p). Calculate j(-8).
8
Let y(n) = n**3 + 2*n**2 + n + 2. Let c = -83 + 81. Determine y(c).
0
Let q be ((-2)/(-3))/(3/9). Let i(o) = o**3 - 4*o + 5*o**2 + 3*o**2 - 4*o**q + 5. Let c be (2/4)/((-3)/30). What is i(c)?
0
Let c(j) = 2*j - 9. Let w be c(7). Let k(h) = 6*h - 3. Let m be k(3). Suppose -5*d - m = w. Let f(v) = v**3 + 5*v**2 + 5*v + 5. Determine f(d).
1
Let x(g) be the first derivative of -g**3/3 + 3*g**2 - 7*g - 5. Let p be -7*(3 + 54/(-14)). Determine x(p).
-7
Let g(y) = 2*y**3 - 4*y**2 + 2*y + 2. Let l be 1 + 2 + (-4 - -1). Suppose l = 3*s - 4*w - 12 + 2, -5*s + 4*w = -14. Determine g(s).
6
Let t(z) = z**2 - 2*z - 3. Let r(n) = -n**2 + 2*n + 3. Let h(g) = 4*r(g) + 3*t(g). Let a be (-1 - 0)*(-7 + 2). Let l = 8 - a. Calculate h(l).
0
Let b(p) be the first derivative of p**2/2 - 3*p - 23. Give b(4).
1
Let w(f) = f**3 - 5*f**2 - f + 5. Let n(c) = -c**2 - 3*c + 4. Let m be n(-4). Suppose 25 = -m*d + 5*d. What is w(d)?
0
Let i = -11 - -8. Let h(d) = -d**3 - 3*d**2 - d + 2. Calculate h(i).
5
Let c(x) = -x**3 - 6*x**2 + 8*x + 2. Let q be c(-7). Let t(j) = -j**2 + j - 7. Let p(i) = -4*i**2 + 2*i - 22. Let l(h) = 2*p(h) - 7*t(h). What is l(q)?
-5
Let s(x) be the first derivative of 1/30*x**5 - 1/8*x**4 + 0*x**2 + 1/360*x**6 + 0*x + 2/3*x**3 + 1. Let u(q) be the third derivative of s(q). What is u(-5)?
2
Let w(a) be the third derivative of 0*a + 1/60*a**5 + 0 - a**2 - 1/6*a**3 - 1/6*a**4. Give w(3).
-4
Let w(y) be the second derivative of -y**5/120 + y**4/6 + y**3/6 + y. Let n(x) be the second derivative of w(x). Let r = 23 - 19. Determine n(r).
0
Let v(x) be the second derivative of x**5/12 - x**3/6 + x**2 + x. Let u(d) be the first derivative of v(d). Let b = -11 - -10. Give u(b).
4
Let g(j) = j**3 - 6*j**2 + 4*j + 2. Let h be g(5). Let x(q) = q**2 + 9*q + 1. Let y be x(-9). Let c(l) = l**3 + 4*l**2 + 0*l**3 + 3*l + y - l. Give c(h).
4
Suppose 2*i + 5*v = -7 - 12, 0 = -2*i + 4*v + 26. Let q(d) be the second derivative of -1/2*d**2 - 1/6*d**i - d + 0. Give q(-5).
4
Suppose -1 = -w - 5*h + 3*h, -w + 5*h + 15 = 0. Let n(p) = p**2 - 2*p + 2. Determine n(w).
17
Let d(x) be the second derivative of 0 + 1/6*x**3 - x - 7/2*x**2. Give d(4).
-3
Let v(j) = j**3 + 4*j**2 - 3*j + 4. Let p(f) = -f - 7. Let m be p(-7). Let k be (0 - 1) + -4 + m. Give v(k).
-6
Let j(n) = 31*n - 15. Let q(r) = -32*r + 15. Let y(s) = -7*j(s) - 6*q(s). Let a(b) = 5*b - 3. Let o(c) = 11*a(c) + 2*y(c). What is o(2)?
7
Let h(a) = a**2 + a + 2. Let f be h(-2). Let q(i) = i**2 - 3*i. Determine q(f).
4
Let c(o) = -o**2 + 3*o + 4. Let u = -1 - -5. What is c(u)?
0
Let f(h) = -h**3 - h**2. Let b(q) be the second derivative of q**5/4 + q**4/2 + q**3/6 - q**2/2 - 5*q. Let z(t) = -b(t) - 6*f(t). What is z(1)?
1
Let j(z) = -11*z**2 - 2*z - 1. Suppose 4*o - 6 = 10. Suppose -3*n - 15 = -o*r, 2*r = -4*n + n + 3. What is j(n)?
-10
Let s(y) = -2*y - 3. Let h be s(-2). Let k(g) = 7*g + 1. Give k(h).
8
Let z(c) be the second derivative of -c**7/840 + c**5/30 + c**4/8 - c**3/6 + 2*c. Let b(n) be the second derivative of z(n). Give b(-2).
3
Suppose 8 = 5*t - 2. Let m(v) = -4*v - 1. Let c(i) = -i - 1. Let l(s) = 3*c(s) - m(s). Calculate l(t).
0
Let l(u) = u**2 - 2. Let r be l(2). Let n(q) = 2*q + 0*q**3 - 3 - 4*q**2 + 4 + q**3. What is n(r)?
-3
Let j(r) = -3*r**3 + r - r**2 + r - 3*r - 1. Determine j(-1).
2
Let y(r) = -r**2 - 11 + r - 4 - 4 + 17. Let q be 1/(-4) + (-9)/(-4). Calculate y(q).
-4
Let v be -2*(27/6 + -2). Let k(p) = -p + 1. Let r(a) = 5*a - 6. Let l(y) = -6*k(y) - r(y). Give l(v).
-5
Let s be 27/(-6 + 3) + 4. Let y(p) = 1 - 4*p + 2*p + 0*p. What is y(s)?
11
Let h(t) = t - 13. Let w be h(9). Let f(y) = 2*y**3 + 21*y**2 + 4*y + 4. Let r(d) = -d**3 - 11*d**2 - 2*d - 2. Let i(s) = 6*f(s) + 11*r(s). Determine i(w).
10
Let u(a) = a + 1. Suppose -4*w + 2*w = -36. Let x be 6/(-14) - w/7. What is u(x)?
-2
Let t(b) = -b**3 - 4*b**2 + 4. Suppose -3*c + 47 = 2*o, 2*c - 13 = c + 2*o. Suppose 4*z = -z - c. What is t(z)?
-5
Let h(p) = p**3 + 4*p**2 + 4*p + 2. Suppose 8 = z - 5*z. Calculate h(z).
2
Let c(x) = 6 - x**2 + 2*x + 2*x**2 + x**3 - 3*x. Suppose -2*m - 4 = 2*m, -2*f + 3 = -3*m. Calculate c(f).
6
Suppose 30 = 3*f + 2*f. Suppose 5*d - 4*g + 15 = 0, 0*d - 2*d - 4*g - f = 0. Let a(w) = -w**2 - 4*w + 1. Determine a(d).
4
Let b(r) be the second derivative of r**4/6 + 2*r**3/3 + 3*r**2/2 - 4*r. Determine b(-2).
3
Suppose w = 3*a + 2 + 2, 5*a - 2*w + 8 = 0. Suppose a = 2*f - 0 + 6. Let x(s) = -2*s**2 - 4*s. Calculate x(f).
-6
Let t be (-2)/2*(3 - 5). Let j = 6 - 1. Let v(s) = j*s + 2 - s + s - s**t. Give v(5).
2
Let r(j) = 2*j. Let z be r(2). Suppose z = 5*o - o. Let i(n) be the first derivative of -4*n**2 + n - 18. Calculate i(o).
-7
Let c(g) = -2*g + 5. Suppose 9*t - 4*t - 15 = 0. Suppose 0*i + 36 = -t*i. Let a be (20/i)/((-3)/9). What is c(a)?
-5
Let m = 10 + -11. Let z(p) = -5*p**3 + 1. What is z(m)?
6
Suppose j = -5*t + 17, -7*j + t + 33 = -2*j. Let n = 13 - j. Let k(y) = 4 - y - 10 + n. Calculate k(1).
-1
Let q be (6 - (-102)/(-15))*10/(-2). Let t(n) = -n**3 + 4*n**2 + 2*n - 6. Give t(q).
2
Let j(p) be the first derivative of p**7/840 + p**6/360 - p**5/120 + p**4/2 - 3*p**3 - 9. Let b(v) be the third derivative of j(v). What is b(0)?
12
Let q(o) be the first derivative of -o**4/4 - 5*o**3/3 + o**2/2 - o - 9. Determine q(-5).
-6
Let m(p) be the first derivative of p**4/4 + 4*p**3/3 - 7*p**2/2 - 6*p - 4. What is m(-5)?
4
Let w be ((-21)/(-28))/(2/(-8)). Let h(j) = -j**3 + j**2 + 2*j - 3. Determine h(w).
27
Suppose 2*k - 2*v = 8 + 6, 3*k + 2*v = 21. Let p(r) = -6*r**2 + k*r**2 + 1 + 0*r**2. Determine p(-3).
10
Let x = -24 + 27. Let q(y) = -2*y**2 + 2*y + 2. What is q(x)?
-10
Let k = -18 + 21. Let n(i) = -2*i - 1. Give n(k).
-7
Let b(y) be the second derivative of -y**3/3 + 16*y. Determine b(-2).
4
Let f(i) = i**3 + 6*i**2 + 4*i - 6. Suppose -4 - 11 = 3*g. Calculate f(g).
-1
Let t(o) be the first derivative of o**4/4 - o**3/3 - 3*o**2/2 + o + 1. Suppose c + 0 = 2. Determine t(c).
-1
Let u(o) = -5*o + 3. Suppose 6 = 3*f - 0. Let c(z) = 1 - z + 0*z - 2*z + 0*z. Let r(y) = f*u(y) - 5*c(y). What is r(-1)?
-4
Let l be -5 + -3 + (-5)/(-1). Let s(p) = 2*p**2 - 4*p - 3. Determine s(l).
27
Let b(n) = 13*n**3 - 2*n**2 + 1. Let f be (-4)/6 - (2 + (-20)/12). Give b(f).
-14
Let n(s) = s**3 + 5*s**2 - 2*s - 6. Let b be (-13)/3 - 26/39. Let g be n(b). Let k(c) = -2*c + c**2 + 0 + c**3 + 5 - 5*c**2. Calculate k(g).
-3
Suppose -u + 22 - 20 = 0. Let i(c) = -1 - 2*c**2 + 2*c**u - 3*c**2 - 6*c**2 + 2*c. Calculate i(1).
-8
Let w(k) = k**3 + 5*k**2 + k + 3. Suppose -10 = 2*n - 2. Determine w(n).
15
Let b(s) be the second derivative of s**3/6 + s**2/2 + 2*s. Let i be b(-6). Let a = -10 - i. Let n(p) = -p**2 - 3*p - 1. What is n(a)?
-11
Let v(n) = -4*n*